{"id":2,"date":"2017-11-17T09:02:03","date_gmt":"2017-11-17T09:02:03","guid":{"rendered":"http:\/\/www.teatteri-demo.tammipartio.fi\/?page_id=2"},"modified":"2026-02-01T15:06:54","modified_gmt":"2026-02-01T13:06:54","slug":"about","status":"publish","type":"page","link":"https:\/\/www.teatteri-demo.tammipartio.fi\/","title":{"rendered":"Tammipartion lastenteatteri"},"content":{"rendered":"\n<div class=\"wp-block-group\"><div class=\"wp-block-group__inner-container is-layout-flow wp-block-group-is-layout-flow\">\n<h3 class=\"wp-block-heading has-text-align-left\">Piikki\u00f6n Tammipartion lastenteatteritoimintaa Sipil\u00e4nm\u00e4ell\u00e4 jo yli 30 vuotta!<\/h3>\n<\/div><\/div>\n\n\n\n<figure class=\"wp-block-image size-large\"><a href=\"https:\/\/www.teatteri-demo.tammipartio.fi\/wp-content\/uploads\/2026\/02\/Peppi-2.jpg\"><img loading=\"lazy\" decoding=\"async\" width=\"793\" height=\"1024\" src=\"https:\/\/www.teatteri-demo.tammipartio.fi\/wp-content\/uploads\/2026\/02\/Peppi-2-793x1024.jpg\" alt=\"\" class=\"wp-image-174\" srcset=\"https:\/\/www.teatteri-demo.tammipartio.fi\/wp-content\/uploads\/2026\/02\/Peppi-2-793x1024.jpg 793w, https:\/\/www.teatteri-demo.tammipartio.fi\/wp-content\/uploads\/2026\/02\/Peppi-2-232x300.jpg 232w, https:\/\/www.teatteri-demo.tammipartio.fi\/wp-content\/uploads\/2026\/02\/Peppi-2-768x991.jpg 768w, https:\/\/www.teatteri-demo.tammipartio.fi\/wp-content\/uploads\/2026\/02\/Peppi-2-1190x1536.jpg 1190w, https:\/\/www.teatteri-demo.tammipartio.fi\/wp-content\/uploads\/2026\/02\/Peppi-2.jpg 1421w\" sizes=\"auto, (max-width: 793px) 100vw, 793px\" \/><\/a><\/figure>\n\n\n<p>Kes\u00e4ll\u00e4 2026 Sipil\u00e4nm\u00e4ell\u00e4 n\u00e4hd\u00e4\u00e4n n\u00e4ytelm\u00e4: Peppi Pitk\u00e4tossu<br \/>K\u00e4sikirjoitus: Astrid Lindgren<br \/>Ohjaus: Riitta Lindroos<br \/>Koreografiat: Jessi Rousku<br \/>Musiikkitaustat: Pasi Ketola<\/p>\n<p>Tammipartion esitykset ovat perinteisesti hulvattomia \u201dshow\u201d-el\u00e4myksi\u00e4, joissa viihtyv\u00e4t niin lapset, kuin aikuisetkin.\u00a0<\/p>\n<p>N\u00e4yttelemisest\u00e4, lavastuksesta, puvustuksesta, tekniikasta, kahvilasta ja kaikesta muusta produktioon liittyv\u00e4st\u00e4 parkkipaikkaopastuksesta l\u00e4htien vastaavat Tammipartion nuoret tai ikinuoret tekij\u00e4t sek\u00e4 yst\u00e4v\u00e4t. N\u00e4ytelm\u00e4 vaihtuu joka kes\u00e4, mutta meno ja meininki on samaa taattua laatua; haluamme saada sek\u00e4 lapset ett\u00e4 v\u00e4h\u00e4n varttuneemmatkin katsojat hyv\u00e4lle mielelle. Kaikki teatterin tuotot ohjataan suoraan piikki\u00f6l\u00e4iseen partioty\u00f6h\u00f6n.<\/p>\n<p class=\"title\" style=\"text-align: left;\">Sipil\u00e4nm\u00e4en kes\u00e4teatteri sijaitsee Kaarinan kaupungissa, Piikki\u00f6ss\u00e4, rauhaisassa ja perinteikk\u00e4\u00e4ss\u00e4 maatilamilj\u00f6\u00f6ss\u00e4, hyvien liikenneyhteyksien varrella. <br \/>Teatterissa on 300-paikkainen katettu katsomo.<\/p>\n<p>N\u00e4yt\u00f6sajat kes\u00e4ll\u00e4 2026:<br \/>Ensi-ilta la 8.8. klo 14<br \/>Su 9.8. klo 14 &amp; klo 17<br \/>Ti 11.8. klo 18<br \/>Ke 12.8. klo 18<br \/>To 13.8. klo 18<br \/>Su 16.8. klo 14 &amp; klo 17<br \/>Ti 18.8. klo 18<br \/>Ke 19.8. klo 18<br \/>To 20.8. klo 18<br \/>Su 23.8. klo 14<\/p>\n<p style=\"text-align: left;\">Tule mukaan kokemaan kes\u00e4n hauskin teatteriel\u00e4mys ja tue samalla lapsi- ja nuorisoty\u00f6t\u00e4. Esityksen tuottaa Piikk\u00f6n Tammipartio, ja kaikki tuotot menev\u00e4t lyhent\u00e4m\u00e4tt\u00f6min\u00e4 piikki\u00f6l\u00e4isen partionuorisoty\u00f6n hyv\u00e4ksi. Lastenteatterin esityksist\u00e4 voi varata lippuja yhdistysten, yritysten ja seurojen k\u00e4ytt\u00f6\u00f6n. Voitte myyd\u00e4 lippuja omana varainhankintananne. Laskutamme vain myydyt liput.<\/p>\n<p>Esimerkkihintoja:<\/p>\n<ul>\n<li style=\"text-align: left;\">200 paikkaa: 1800 \u20ac (norm. 3000 \u20ac)<\/li>\n<li style=\"text-align: left;\">150 paikkaa: 1575 \u20ac (norm. 2250 \u20ac)<\/li>\n<li style=\"text-align: left;\">Kysy muiden paikkam\u00e4\u00e4rien hinnoista tuottajalta!<\/li>\n<\/ul>\n<p style=\"text-align: left;\">Yksitt\u00e4iset liput: 15\u20ac (sama hinta aikuiset ja lapset) Alle 3-vuotiaat ilmaiseksi.<br \/>Huomioithan, ettemme vastaanota yli 50\u20ac seteleit\u00e4.<\/p>\n<p style=\"text-align: left;\">Osta liput klikkaamalla <a href=\"http:\/\/tammipartio.eventiolive.fi\">t\u00e4st\u00e4<\/a>.<\/p>\n<p style=\"text-align: left;\"><strong>Lipputilauksen voi tehd\u00e4 k\u00e4tev\u00e4sti my\u00f6s tekstiviestill\u00e4:<\/strong><\/p>\n<p>L\u00e4het\u00e4 viesti numeroon 044 958 6485. Kirjoita viestiin: Nimesi, n\u00e4yt\u00f6ksen p\u00e4iv\u00e4m\u00e4\u00e4r\u00e4 ja kellonaika sek\u00e4 lukum\u00e4\u00e4r\u00e4 siit\u00e4, montako lippua tilaat. Esim:<\/p>\n<p>MAIJA MEIK\u00c4L\u00c4INEN, SU 13.8. KLO 17.00, VIISI<\/p>\n<p>Lis\u00e4tiedot s\u00e4hk\u00f6postitse kesateatteri@tammipartio.fi tai puhelimitse 044 958 6485<\/p>\n<h4>Teatterin esittelyvideo:<\/h4>\n\n\n<figure class=\"wp-block-video\"><video controls src=\"https:\/\/www.tammipartio.fi\/wp-content\/uploads\/sipila_final.mp4\"><\/video><figcaption class=\"wp-element-caption\">Katso t\u00e4st\u00e4 kes\u00e4teatterin esittelyvideo.<\/figcaption><\/figure>\n\n\n\n<p><\/p>\n\n\n\n<figure class=\"wp-block-image size-large\"><img decoding=\"async\" src=\"https:\/\/www.tammipartio.fi\/wp-content\/uploads\/pjap-1024x678.jpg\" alt=\"\" class=\"wp-image-723\"\/><\/figure>\n\n\n\n<p class=\"has-text-align-center has-large-font-size\">Tervetuloa teatteriin!<\/p>\n","protected":false},"excerpt":{"rendered":"<p>Piikki\u00f6n Tammipartion lastenteatteritoimintaa Sipil\u00e4nm\u00e4ell\u00e4 jo yli 30 vuotta! Kes\u00e4ll\u00e4 2026 Sipil\u00e4nm\u00e4ell\u00e4 n\u00e4hd\u00e4\u00e4n n\u00e4ytelm\u00e4: Peppi Pitk\u00e4tossuK\u00e4sikirjoitus: Astrid LindgrenOhjaus: Riitta LindroosKoreografiat: Jessi RouskuMusiikkitaustat: Pasi Ketola Tammipartion esitykset ovat perinteisesti hulvattomia \u201dshow\u201d-el\u00e4myksi\u00e4, joissa viihtyv\u00e4t niin lapset, kuin aikuisetkin.\u00a0 N\u00e4yttelemisest\u00e4, lavastuksesta, puvustuksesta, tekniikasta, kahvilasta ja kaikesta muusta produktioon liittyv\u00e4st\u00e4 parkkipaikkaopastuksesta l\u00e4htien vastaavat Tammipartion nuoret tai ikinuoret tekij\u00e4t sek\u00e4 yst\u00e4v\u00e4t. &hellip; <a href=\"https:\/\/www.teatteri-demo.tammipartio.fi\/\" class=\"more-link\">Jatka artikkeliin <span class=\"screen-reader-text\">Tammipartion lastenteatteri<\/span><\/a><\/p>\n","protected":false},"author":1,"featured_media":0,"parent":0,"menu_order":1,"comment_status":"open","ping_status":"open","template":"","meta":{"footnotes":""},"class_list":["post-2","page","type-page","status-publish","hentry"],"_links":{"self":[{"href":"https:\/\/www.teatteri-demo.tammipartio.fi\/index.php?rest_route=\/wp\/v2\/pages\/2","targetHints":{"allow":["GET"]}}],"collection":[{"href":"https:\/\/www.teatteri-demo.tammipartio.fi\/index.php?rest_route=\/wp\/v2\/pages"}],"about":[{"href":"https:\/\/www.teatteri-demo.tammipartio.fi\/index.php?rest_route=\/wp\/v2\/types\/page"}],"author":[{"embeddable":true,"href":"https:\/\/www.teatteri-demo.tammipartio.fi\/index.php?rest_route=\/wp\/v2\/users\/1"}],"replies":[{"embeddable":true,"href":"https:\/\/www.teatteri-demo.tammipartio.fi\/index.php?rest_route=%2Fwp%2Fv2%2Fcomments&post=2"}],"version-history":[{"count":24,"href":"https:\/\/www.teatteri-demo.tammipartio.fi\/index.php?rest_route=\/wp\/v2\/pages\/2\/revisions"}],"predecessor-version":[{"id":178,"href":"https:\/\/www.teatteri-demo.tammipartio.fi\/index.php?rest_route=\/wp\/v2\/pages\/2\/revisions\/178"}],"wp:attachment":[{"href":"https:\/\/www.teatteri-demo.tammipartio.fi\/index.php?rest_route=%2Fwp%2Fv2%2Fmedia&parent=2"}],"curies":[{"name":"wp","href":"https:\/\/api.w.org\/{rel}","templated":true}]}}